 is the hundred thousands digit of 2197261264?
2
What is the thousands digit of 874851171?
1
What is the millions digit of 55933779?
5
What is the thousands digit of 32384102?
4
What is the thousands digit of 49574479?
4
What is the ten millions digit of 515961402?
1
What is the ten millions digit of 220904282?
2
What is the tens digit of 377466236?
3
What is the tens digit of 46969458?
5
What is the ten thousands digit of 164329784?
2
What is the ten thousands digit of 89354999?
5
What is the ten thousands digit of 265569310?
6
What is the ten millions digit of 216177293?
1
What is the hundred thousands digit of 90762243?
7
What is the hundred millions digit of 173059980?
1
What is the millions digit of 71571240?
1
What is the tens digit of 593864661?
6
What is the tens digit of 2613481823?
2
What is the units digit of 96357?
7
What is the hundreds digit of 1555977173?
1
What is the tens digit of 377828979?
7
What is the hundreds digit of 616347582?
5
What is the units digit of 1428950058?
8
What is the hundred thousands digit of 648132334?
1
What is the thousands digit of 4727518937?
8
What is the tens digit of 443967615?
1
What is the thousands digit of 68231953?
1
What is the hundred thousands digit of 107731447?
7
What is the millions digit of 88638576?
8
What is the thousands digit of 2794402990?
2
What is the ten millions digit of 352168871?
5
What is the hundreds digit of 966397836?
8
What is the thousands digit of 362241079?
1
What is the thousands digit of 72221285?
1
What is the ten millions digit of 28620334?
2
What is the hundred thousands digit of 573587550?
5
What is the tens digit of 1142310758?
5
What is the hundreds digit of 194450070?
0
What is the tens digit of 499494622?
2
What is the millions digit of 2441061?
2
What is the ten thousands digit of 4121451964?
5
What is the thousands digit of 415237297?
7
What is the units digit of 165920789?
9
What is the hundreds digit of 1543685105?
1
What is the units digit of 706380241?
1
What is the thousands digit of 39935254?
5
What is the ten thousands digit of 47973643?
7
What is the millions digit of 89193374?
9
What is the hundred thousands digit of 1332261258?
2
What is the ten millions digit of 59088356?
5
What is the millions digit of 86374989?
6
What is the ten thousands digit of 31997494?
9
What is the tens digit of 86738438?
3
What is the billions digit of 2693557958?
2
What is the ten millions digit of 324819852?
2
What is the ten millions digit of 408607713?
0
What is the thousands digit of 32098546?
8
What is the hundred thousands digit of 2210693703?
6
What is the millions digit of 115770888?
5
What is the millions digit of 52482787?
2
What is the units digit of 64800682?
2
What is the ten thousands digit of 41114373?
1
What is the ten millions digit of 686881926?
8
What is the units digit of 205366695?
5
What is the ten millions digit of 191929841?
9
What is the tens digit of 10019957?
5
What is the thousands digit of 126307963?
7
What is the ten millions digit of 178379935?
7
What is the thousands digit of 109382072?
2
What is the hundreds digit of 177919611?
6
What is the hundred thousands digit of 2416877009?
8
What is the millions digit of 573860537?
3
What is the hundreds digit of 614302049?
0
What is the units digit of 254389824?
4
What is the thousands digit of 41207782?
7
What is the hundreds digit of 2630265824?
8
What is the tens digit of 200587577?
7
What is the hundreds digit of 353450918?
9
What is the tens digit of 9679096?
9
What is the millions digit of 184373319?
4
What is the thousands digit of 1206364737?
4
What is the thousands digit of 94050725?
0
What is the millions digit of 217726359?
7
What is the units digit of 2167337400?
0
What is the millions digit of 8544993?
8
What is the millions digit of 251642903?
1
What is the hundred thousands digit of 190073225?
0
What is the millions digit of 480157985?
0
What is the billions digit of 2853102266?
2
What is the ten millions digit of 1025957373?
2
What is the thousands digit of 11570844?
0
What is the tens digit of 2115245410?
1
What is the units digit of 4555822?
2
What is the hundred thousands digit of 356126252?
1
What is the millions digit of 734135146?
4
What is the hundred thousands digit of 582315663?
3
What is the units digit of 268733474?
4
What is the hundreds digit of 63380971?
9
What is the hundreds digit of 22145698?
6
What is the units digit of 905184146?
6
What is the ten millions digit of 14437486?
1
What is the units digit of 31071997?
7
What is the ten thousands digit of 3052802019?
0
What is the hundreds digit of 19066977?
9
What is the hundreds digit of 245635204?
2
What is the units digit of 72624162?
2
What is the ten thousands digit of 68669194?
6
What is the ten thousands digit of 4445174936?
7
What is the ten millions digit of 4331066075?
3
What is the ten millions digit of 3302898861?
0
What is the ten thousands digit of 154308068?
0
What is the tens digit of 82935146?
4
What is the millions digit of 293652454?
3
What is the units digit of 69004609?
9
What is the hundred millions digit of 852586726?
8
What is the thousands digit of 279800314?
0
What is the ten thousands digit of 5678970?
7
What is the ten thousands digit of 2201165668?
6
What is the hundreds digit of 51477812?
8
What is the hundred thousands digit of 242628118?
6
What is the tens digit of 2067673805?
0
What is the hundreds digit of 483954740?
7
What is the millions digit of 189334366?
9
What is the tens digit of 95978427?
2
What is the millions digit of 114009662?
4
What is the tens digit of 149800579?
7
What is the thousands digit of 116259976?
9
What is the tens digit of 158049579?
7
What is the millions digit of 76902967?
6
What is the units digit of 247025175?
5
What is the tens digit of 1960098990?
9
What is the thousands digit of 11554677?
4
What is the thousands digit of 390253296?
3
What is the tens digit of 1377871915?
1
What is the ten thousands digit of 105599447?
9
What is the hundred thousands digit of 339371449?
3
What is the ten thousands digit of 44235700?
3
What is the ten millions digit of 382218223?
8
What is the units digit of 19871723?
3
What is the millions digit of 2831642228?
1
What is the units digit of 772253103?
3
What is the hundreds digit of 589750746?
7
What is the units digit of 491271690?
0
What is the tens digit of 168404361?
6
What is the hundred millions digit of 520747734?
5
What is the hundreds digit of 413296366?
3
What is the millions digit of 65120338?
5
What is the ten millions digit of 14654083?
1
What is the thousands digit of 56075347?
5
What is the tens digit of 1595875826?
2
What is the units digit of 328489811?
1
What is the ten thousands digit of 59779785?
7
What is the thousands digit of 39886145?
6
What is the units digit of 207437323?
3
What is the millions digit of 136701634?
6
What is the ten thousands digit of 59122698?
2
What is the units digit of 48506520?
0
What is the ten millions digit of 130944676?
3
What is the units digit of 117609050?
0
What is the ten thousands digit of 51698343?
9
What is the billions digit of 1107969884?
1
What is the hundreds digit of 3352628119?
1
What is the ten thousands digit of 1337808044?
0
What is the hundred millions digit of 1837538944?
8
What is the ten thousands digit of 592085974?
8
What is the ten thousands digit of 874002838?
0
What is the millions digit of 1122266416?
2
What is the billions digit of 2695148056?
2
What is the thousands digit of 21964535?
4
What is the ten thousands digit of 123700947?
0
What is the millions digit of 47638505?
7
What is the tens digit of 5334917?
1
What is the hundred millions digit of 264398036?
2
What is the millions digit of 364488915?
4
What is the ten thousands digit of 33875061?
7
What is the thousands digit of 30095325?
5
What is the hundreds digit of 463006621?
6
What is the hundreds digit of 204689337?
3
What is the units digit of 1670209970?
0
What is the hundred thousands digit of 5451084?
4
What is the ten millions digit of 4788661711?
8
What is the hundreds digit of 4506942?
9
What is the units digit of 481847411?
1
What is the thousands digit of 1397607421?
7
What is the tens digit of 9086200400?
0
What is the units digit of 592370501?
1
What is the units digi